Let z be (-19)/(((-3)/(-2))/3). Let h = 114 + z. Suppose 0*g - h = -2*g. Is g a prime number?
False
Suppose 6*g - 7*g + 251 = 0. Is g a composite number?
False
Let p = -301 + 201. Let y be (-18)/12*p/6. Let n = -10 + y. Is n composite?
True
Suppose 4*n - 4 = 0, u = 3*n + 291 - 93. Is u prime?
False
Let o = -5 - -7. Suppose -2*j + 124 = o*j. Is j a prime number?
True
Let z be ((-2)/3)/(2/(-9)). Suppose -294 = -3*s + z*i - 0*i, -5*i - 393 = -4*s. Is s composite?
False
Let h(f) = 392*f**2 - f. Is h(-1) a composite number?
True
Let i(h) = -4*h - 1. Is i(-6) a composite number?
False
Suppose 2*s - 4*x = 34, -s + 0*s = 2*x - 21. Is s a composite number?
False
Let r(m) = 13*m**3 - 2*m**2 + 2*m - 3. Suppose 5*f - 2*k - 4 = 0, 0 = -f + k - 5*k + 14. Is r(f) prime?
True
Let s(k) = k**3 + 19*k**2 - 37. Is s(-17) composite?
False
Let t(a) = 17*a**3 + 3*a**2 - 3*a + 2. Is t(3) composite?
False
Suppose -2*j = -2*l + 32, 4*l + 2*j - 48 + 8 = 0. Suppose -47 = -d - l. Is d composite?
True
Suppose -2*l + 150 = 3*s, 5*l - l = 3*s - 150. Let z be (1/3 - 1)*-24. Suppose 2*w = s + z. Is w composite?
True
Let m = 2 + 4. Suppose -m*o = -o - 95. Is o a prime number?
True
Let n = -16 + 26. Suppose -3*q + n = -5. Suppose -q*l = -2*y - 45, -2*l = -2*y - 3 - 9. Is l composite?
False
Is 0 + (-8)/(-10) - (-43894)/170 a composite number?
True
Suppose 0 = -3*f, 3*b + 0 = f + 12. Suppose -4*p = b*j - 368, -j + 67 + 16 = -2*p. Is j a prime number?
True
Suppose -3*v = -r + 14, 10 = r - 0*v - 2*v. Is r + (-4)/((-8)/82) prime?
True
Let k be (-860)/(-35) - 6/(-14). Is 2985/k + 2/(-5) a prime number?
False
Let h = -3 + -6. Is 6*3*(-3)/h a composite number?
True
Suppose 2*h = -3*u - 1, -7*u + 2*h = -4*u - 7. Suppose 5 = -t, -u + 0 = 3*k - t. Is 14 + -1 + k - 1 a composite number?
True
Suppose -61*s = -60*s - 2099. Is s prime?
True
Let c = 34 - -7. Suppose 2*m - 37 - c = 0. Suppose 4*k = m - 11. Is k a composite number?
False
Let x(w) = -6*w - 3. Let o be x(-4). Suppose 2*c = 3*c - o. Let d = c + -8. Is d a composite number?
False
Let j be (-7)/(42/(-4))*-3. Let t(b) = 24*b**2 - 4*b**2 - 2*b - 3 + 4*b**2. Is t(j) a prime number?
True
Let n(y) = -7*y - 4. Let l(v) = -48*v - 27. Let j(g) = 4*l(g) - 27*n(g). Let q(z) = -z**2 + z - 5. Let p be q(0). Is j(p) prime?
False
Let s be (-3)/(-5) - (-8)/20. Let g be (-7*s)/((-3)/75). Suppose 2*m - g = -3*m. Is m composite?
True
Let x(j) = -4*j**2 - 20*j - 2. Let y(v) = -v**2 - v + 1. Let r(p) = x(p) - 3*y(p). Suppose 4*n = -30 + 2. Is r(n) a composite number?
True
Let y(k) = k**3 + 5*k**2 + 2*k + 4. Let t be y(-5). Let v(w) be the first derivative of w**4/4 + 7*w**3/3 + 5*w**2/2 + 3*w + 1. Is v(t) prime?
False
Let m(r) be the third derivative of r**6/120 + r**5/20 - r**4/12 - 2*r**3/3 - 2*r**2. Let j be m(-3). Suppose -j*y + 3*y - 15 = 0. Is y a composite number?
True
Suppose -s - 37 = -2*c + 42, -4*c = 4*s + 268. Let j = s + 138. Is j a composite number?
False
Is (-1)/(-2) + (-1017)/(-2) composite?
False
Is -2 + 3 + 468*1 composite?
True
Let d be ((-8)/(-3))/(2/6). Let p = d - 5. Is p a composite number?
False
Suppose f - 2*f = -78. Suppose -2*w + f = 8. Is w a prime number?
False
Let z = -1367 - -2424. Suppose -z = -5*b - q, -5*q = -b + 76 + 125. Is b a composite number?
False
Suppose -u + 3*c + 426 = -62, 3*u + 5*c = 1506. Is u composite?
True
Let u(g) = 20*g**3 - g**2 + 3*g - 1. Let i = -7 - -9. Is u(i) composite?
True
Let w(f) = 10*f**2 + 4*f - 13. Is w(3) a composite number?
False
Let s(r) = r**3 - 3*r**2 + 4*r - 2. Let v be s(2). Suppose v*x + 48 = -0*x - 4*w, 4*x + 3*w = -96. Let m = x + 59. Is m a composite number?
True
Let k(m) = 6*m + 1. Suppose -2*z = -5*z + 15. Is k(z) a composite number?
False
Let n = 1331 + -585. Is n prime?
False
Let u(c) = 7*c + 16. Let i(o) = -8*o - 15. Let f(w) = 3*i(w) + 2*u(w). Is f(-8) composite?
False
Suppose -n + 241 = 2*w + 2*n, w - 5*n = 114. Is w a composite number?
True
Suppose 0*d - 536 = 4*d. Is 2/((-4)/d)*1 composite?
False
Let o = 4 + -13. Let b = 55 + o. Is b prime?
False
Suppose -7*i - 110 = -12*i. Is i a prime number?
False
Let j(c) = c - 10. Suppose 0 = 5*x + 5*a - 35, -17 = -5*x - 4*a + 21. Let q be j(x). Is (1 - q) + (114 - 0) composite?
True
Is (0/(-2) + -2)*-59 prime?
False
Let m be -11 + -3*4/(-12). Let w(p) = -31*p - 11. Is w(m) a prime number?
False
Let l(v) = -v**2 + v + 112. Let j be l(0). Let h = j - 64. Let u = 69 - h. Is u a prime number?
False
Let a(n) = n + 12. Let v be a(-9). Suppose v*g - 1346 = 685. Is g a prime number?
True
Suppose c - 5*j = 5, 5*j + 5 = 2*c - 4*c. Suppose f + 4*h - 16 = c, -1 = h - 5. Suppose 105 = -f*k + 3*k. Is k prime?
False
Let r = 583 - 212. Is r a prime number?
False
Let c(z) = -38*z + 5. Let h = 16 - 20. Is c(h) prime?
True
Let z(v) be the first derivative of -v**4/4 + 4*v**3/3 + 5*v**2/2 - 9*v - 5. Is z(-8) a prime number?
True
Let n(a) = -420 - 5*a**2 + a**3 + 218 + a**2 - 7*a + 207. Let h be -1 + 6 + (2 - 1). Is n(h) a prime number?
False
Let o = 25 - 32. Is o/((-21)/1566) - 3 composite?
True
Let g(c) = 4*c - 17. Let z(j) be the third derivative of j**4/24 + j**3/6 + j**2. Let x(o) = g(o) + 6*z(o). Is x(9) prime?
True
Suppose -5*f - 3*p + 8276 = 0, 0 = f + 2*f + p - 4968. Is f prime?
True
Suppose 3*y - 7170 = -2*f, -3*f + 17903 = 2*f + 2*y. Is f a prime number?
False
Suppose 4*y = -2*u + 168, 3 + 77 = u + 3*y. Let h be 115*(-7)/((-35)/6). Let c = h - u. Is c a prime number?
False
Suppose -5*x + 74 = -4*x. Let i = x - -447. Is i composite?
False
Let c be (-8)/(-20) - (-4)/(-10). Let w = 34 + -11. Suppose 3*n + 2 + 13 = c, n + w = 3*q. Is q a composite number?
True
Let a(k) = 2*k + 3. Let f be (-8)/(-2)*(-12)/16. Let h be a(f). Is (-10)/(-6) + (-1)/h a composite number?
False
Suppose -2*q + 548 = -3*h, 0*h = 3*h. Is q a prime number?
False
Suppose -1 = -3*n + 5. Suppose 5*t - 4019 = 2*t + n*h, 2*t - 3*h - 2686 = 0. Is t composite?
True
Let d = -10 + 14. Suppose 0 = d*t - 2*t - 50. Is t composite?
True
Let g be (-5)/20 - (-21)/4. Suppose p = -g*u - 139, -3*p - u - 458 - 29 = 0. Is (-5)/(10/p) - 3 a prime number?
True
Suppose 5*w - t - 9656 - 8047 = 0, -5*w = 5*t - 17715. Is w a composite number?
False
Suppose -2 = -k + 2. Suppose -k*v + 0*v + 2120 = 4*l, -4*l = -3*v + 1625. Is v a composite number?
True
Suppose -2*i - 2911 = -5*n - 4*i, 0 = 5*n - 3*i - 2921. Is n prime?
False
Let m(f) = 5*f + 1. Let s be m(-5). Let g be s/14 - 4/14. Is (12/9)/(g/(-21)) a composite number?
True
Suppose -45 = 12*i - 15*i. Is i a prime number?
False
Let r = -245 + 435. Suppose w - r = -w. Is w a composite number?
True
Suppose -t = -3*t + 12. Let q = t + -2. Let g(v) = 30*v - 5. Is g(q) a composite number?
True
Suppose 0 = -d + 3*y + 334, 2*y - 1650 = -5*d - 3*y. Is d prime?
True
Is 1357 + (-2)/4*48/(-6) a prime number?
True
Let o(k) = k - 6. Let j be o(6). Is 83 - (-2 - j) - 0 a composite number?
True
Let g(o) = 5*o - 11. Is g(10) a prime number?
False
Let x be (-91)/(-21) + 2/3. Suppose 5*k - 30 = 3*n, x*n + 19 = -3*k + 3. Suppose 4*v = -4*a + 3*a + 129, 0 = 2*a - k*v - 203. Is a composite?
False
Let v(a) = 87*a**2 - a - 2. Let i be v(-2). Suppose 4*w + w = -2*g + 174, -w = 4*g - i. Is g a composite number?
True
Suppose -6*c + c + 285 = t, 5*t = 25. Let i = 122 - -1. Let h = i - c. Is h composite?
False
Let n(t) = 3*t**2 + 3*t + 5. Suppose 3 = a + 8. Is n(a) composite?
True
Suppose -5*r = -4*r - 3. Suppose r*g - 1 = 2*t + 1, 5*t = g + 8. Suppose 0*y + g*y = 12. Is y a composite number?
True
Let z be (-4)/6*9/(-2). Let m(v) be the second derivative of v**5/10 - 5*v**4/12 + v**3/2 + v**2/2 - 2*v. Is m(z) a prime number?
True
Let i = 1 - -2. Suppose 3*h - i*w = 105, 55 = 4*h + 3*w - 78. Is h a composite number?
True
Suppose -12 = -4*c - 0*c. Suppose 3*r + 269 - 30 = 5*t, 5*t - 233 = r. Suppose c*z - t = z. Is z a prime number?
True
Suppose 3*x + 4*k = 934, 5*k - 7*k = 5*x - 1566. Suppose 0 = -5*g + w + 396, -3*w + w = 4*g - x. Suppose -3*f = -g - 20. Is f composite?
True
Suppose -37 = -5*k + 28. Let g(i) = -i**3 + 15*i**2 + 14*i - 11. Is g(k) a prime number?
True
Suppose 2*g - 4 = 6. Suppose -y + g*y - 124 = 0. Suppose 0 = -k - 6 + y. Is k a composite number?
True
Let h = -15 - -11. Let k(r) = -r + 5. Is k(h) a prime number?
False
Is 1276 + (-1)/2*(0 - 2) a composite n